{"id":1102,"date":"2026-03-21T12:24:04","date_gmt":"2026-03-21T16:24:04","guid":{"rendered":"https:\/\/musicofcuracao.com\/?page_id=1102"},"modified":"2026-03-21T12:32:04","modified_gmt":"2026-03-21T16:32:04","slug":"donny-mercelina","status":"publish","type":"page","link":"https:\/\/musicofcuracao.com\/index.php\/donny-mercelina\/","title":{"rendered":"Donny Mercelina"},"content":{"rendered":"\t\t<div data-elementor-type=\"wp-page\" data-elementor-id=\"1102\" class=\"elementor elementor-1102\" data-elementor-post-type=\"page\">\n\t\t\t\t\t\t<section data-particle_enable=\"false\" data-particle-mobile-disabled=\"false\" class=\"elementor-section elementor-top-section elementor-element elementor-element-4008a1e elementor-section-boxed elementor-section-height-default elementor-section-height-default\" data-id=\"4008a1e\" data-element_type=\"section\" data-e-type=\"section\">\n\t\t\t\t\t\t<div class=\"elementor-container elementor-column-gap-default\">\n\t\t\t\t\t<div class=\"elementor-column elementor-col-100 elementor-top-column elementor-element elementor-element-e7a613c\" data-id=\"e7a613c\" data-element_type=\"column\" data-e-type=\"column\">\n\t\t\t<div class=\"elementor-widget-wrap\">\n\t\t\t\t\t\t\t<\/div>\n\t\t<\/div>\n\t\t\t\t\t<\/div>\n\t\t<\/section>\n\t\t\t\t<section data-particle_enable=\"false\" data-particle-mobile-disabled=\"false\" class=\"elementor-section elementor-top-section elementor-element elementor-element-b828b42 elementor-section-boxed elementor-section-height-default elementor-section-height-default\" data-id=\"b828b42\" data-element_type=\"section\" data-e-type=\"section\" data-settings=\"{&quot;background_background&quot;:&quot;classic&quot;}\">\n\t\t\t\t\t\t<div class=\"elementor-container elementor-column-gap-default\">\n\t\t\t\t\t<div class=\"elementor-column elementor-col-100 elementor-top-column elementor-element elementor-element-57e2dfb\" data-id=\"57e2dfb\" data-element_type=\"column\" data-e-type=\"column\">\n\t\t\t<div class=\"elementor-widget-wrap elementor-element-populated\">\n\t\t\t\t\t\t<div class=\"elementor-element elementor-element-929a10f elementor-widget elementor-widget-heading\" data-id=\"929a10f\" data-element_type=\"widget\" data-e-type=\"widget\" data-widget_type=\"heading.default\">\n\t\t\t\t<div class=\"elementor-widget-container\">\n\t\t\t\t\t<h2 class=\"elementor-heading-title elementor-size-default\">Donny Mercelina<\/h2>\t\t\t\t<\/div>\n\t\t\t\t<\/div>\n\t\t\t\t\t<\/div>\n\t\t<\/div>\n\t\t\t\t\t<\/div>\n\t\t<\/section>\n\t\t\t\t<section data-particle_enable=\"false\" data-particle-mobile-disabled=\"false\" class=\"elementor-section elementor-top-section elementor-element elementor-element-423c0f0 elementor-section-boxed elementor-section-height-default elementor-section-height-default\" data-id=\"423c0f0\" data-element_type=\"section\" data-e-type=\"section\">\n\t\t\t\t\t\t<div class=\"elementor-container elementor-column-gap-default\">\n\t\t\t\t\t<div class=\"elementor-column elementor-col-100 elementor-top-column elementor-element elementor-element-811859d\" data-id=\"811859d\" data-element_type=\"column\" data-e-type=\"column\">\n\t\t\t<div class=\"elementor-widget-wrap elementor-element-populated\">\n\t\t\t\t\t\t<section data-particle_enable=\"false\" data-particle-mobile-disabled=\"false\" class=\"elementor-section elementor-inner-section elementor-element elementor-element-c1565d9 elementor-section-boxed elementor-section-height-default elementor-section-height-default\" data-id=\"c1565d9\" data-element_type=\"section\" data-e-type=\"section\">\n\t\t\t\t\t\t<div class=\"elementor-container elementor-column-gap-default\">\n\t\t\t\t\t<div class=\"elementor-column elementor-col-50 elementor-inner-column elementor-element elementor-element-4df086a\" data-id=\"4df086a\" data-element_type=\"column\" data-e-type=\"column\">\n\t\t\t<div class=\"elementor-widget-wrap elementor-element-populated\">\n\t\t\t\t\t\t<div class=\"elementor-element elementor-element-88dad3b elementor-widget elementor-widget-spacer\" data-id=\"88dad3b\" data-element_type=\"widget\" data-e-type=\"widget\" data-widget_type=\"spacer.default\">\n\t\t\t\t<div class=\"elementor-widget-container\">\n\t\t\t\t\t\t\t<div class=\"elementor-spacer\">\n\t\t\t<div class=\"elementor-spacer-inner\"><\/div>\n\t\t<\/div>\n\t\t\t\t\t\t<\/div>\n\t\t\t\t<\/div>\n\t\t\t\t<div class=\"elementor-element elementor-element-2d606d4 elementor-widget__width-initial elementor-widget elementor-widget-text-editor\" data-id=\"2d606d4\" data-element_type=\"widget\" data-e-type=\"widget\" data-widget_type=\"text-editor.default\">\n\t\t\t\t<div class=\"elementor-widget-container\">\n\t\t\t\t\t\t\t\t\t<h4 data-start=\"128\" data-end=\"200\">Donny Mercelina (Shon Donny)<\/h4><h4 data-start=\"128\" data-end=\"200\"><strong data-start=\"132\" data-end=\"198\">\u00a0\u2013<\/strong>an important idol of Cura\u00e7aoan rhythm Tambu and the music of cura\u00e7ao.<\/h4><p class=\"p2\">Shon Donny was born October 22, 1936, on a rainy\/Sunny afternoon day.<\/p><p class=\"p2\">Those days people used to be very superstitious, and the expression was; When it is Sunny and Rainy at the same time, is because Zoembie\/Zombie is beating his wife with the funchie stick!<\/p><p class=\"p2\">Those decades, a vroemoen(Doula) used to help the parents, from 4 months up to delivery time, to deliver the babies.<\/p><p class=\"p2\">A doula named Maria Gein, a 60 year old woman then, helped Miss Patricia Mercelina to deliver Donny Mercelina. Patricia Mercelina (Chia) daughter of Herado Mercelina(Yatie Grandi di Sabana Baka), Donny\u2019s mother and grandfather, and his father&#8217;s name was Hip\u00f3lito Ocalia r, e pintor di banda Ceru Grandi.<\/p><p class=\"p2\" style=\"margin-right: 0px; margin-bottom: 0px; margin-left: 0px; font-variant-numeric: normal; font-variant-east-asian: normal; font-variant-alternates: normal; font-size-adjust: none; font-language-override: normal; font-kerning: auto; font-optical-sizing: auto; font-feature-settings: normal; font-variation-settings: normal; font-variant-position: normal; font-variant-emoji: normal; font-stretch: normal; font-size: 20.5px; line-height: normal; font-family: Arial; color: #25211f;\">\u00a0<\/p>\t\t\t\t\t\t\t\t<\/div>\n\t\t\t\t<\/div>\n\t\t\t\t\t<\/div>\n\t\t<\/div>\n\t\t\t\t<div class=\"elementor-column elementor-col-50 elementor-inner-column elementor-element elementor-element-b5b8947\" data-id=\"b5b8947\" data-element_type=\"column\" data-e-type=\"column\">\n\t\t\t<div class=\"elementor-widget-wrap elementor-element-populated\">\n\t\t\t\t\t\t<div class=\"elementor-element elementor-element-bfb891f elementor-widget elementor-widget-image\" data-id=\"bfb891f\" data-element_type=\"widget\" data-e-type=\"widget\" data-widget_type=\"image.default\">\n\t\t\t\t<div class=\"elementor-widget-container\">\n\t\t\t\t\t\t\t\t\t\t\t\t\t\t\t<img decoding=\"async\" src=\"https:\/\/musicofcuracao.com\/wp-content\/plugins\/elementor\/assets\/images\/placeholder.png\" title=\"\" alt=\"\" loading=\"lazy\" \/>\t\t\t\t\t\t\t\t\t\t\t\t\t\t\t<\/div>\n\t\t\t\t<\/div>\n\t\t\t\t<div class=\"elementor-element elementor-element-f1e4536 elementor-widget elementor-widget-text-editor\" data-id=\"f1e4536\" data-element_type=\"widget\" data-e-type=\"widget\" data-widget_type=\"text-editor.default\">\n\t\t\t\t<div class=\"elementor-widget-container\">\n\t\t\t\t\t\t\t\t\t<p class=\"p2\">His father was a known painter and musician. He used to have a band named Banda Strijden.<\/p><p class=\"p2\">Shon Donny grew up with all the instruments of his father at home. Because of his will and curiosity, he used to practice on all the instruments. That\u2019s how he learned to play mainly the Bongo, and also guitar, Harmonica, Accordion\/Bandone\u00f3n, Tambora, Guiro, Marimba and Marimbula.<\/p>\t\t\t\t\t\t\t\t<\/div>\n\t\t\t\t<\/div>\n\t\t\t\t\t<\/div>\n\t\t<\/div>\n\t\t\t\t\t<\/div>\n\t\t<\/section>\n\t\t\t\t<div class=\"elementor-element elementor-element-ab0f975 elementor-widget-divider--view-line elementor-widget elementor-widget-divider\" data-id=\"ab0f975\" data-element_type=\"widget\" data-e-type=\"widget\" data-widget_type=\"divider.default\">\n\t\t\t\t<div class=\"elementor-widget-container\">\n\t\t\t\t\t\t\t<div class=\"elementor-divider\">\n\t\t\t<span class=\"elementor-divider-separator\">\n\t\t\t\t\t\t<\/span>\n\t\t<\/div>\n\t\t\t\t\t\t<\/div>\n\t\t\t\t<\/div>\n\t\t\t\t\t<\/div>\n\t\t<\/div>\n\t\t\t\t\t<\/div>\n\t\t<\/section>\n\t\t\t\t<section data-particle_enable=\"false\" data-particle-mobile-disabled=\"false\" class=\"elementor-section elementor-top-section elementor-element elementor-element-3a68878 elementor-section-boxed elementor-section-height-default elementor-section-height-default\" data-id=\"3a68878\" data-element_type=\"section\" data-e-type=\"section\">\n\t\t\t\t\t\t<div class=\"elementor-container elementor-column-gap-default\">\n\t\t\t\t\t<div class=\"elementor-column elementor-col-50 elementor-top-column elementor-element elementor-element-e06d61e\" data-id=\"e06d61e\" data-element_type=\"column\" data-e-type=\"column\">\n\t\t\t<div class=\"elementor-widget-wrap elementor-element-populated\">\n\t\t\t\t\t\t<div class=\"elementor-element elementor-element-3030172 elementor-widget elementor-widget-video\" data-id=\"3030172\" data-element_type=\"widget\" data-e-type=\"widget\" data-settings=\"{&quot;youtube_url&quot;:&quot;https:\\\/\\\/youtu.be\\\/LnragLcU6f0&quot;,&quot;video_type&quot;:&quot;youtube&quot;,&quot;controls&quot;:&quot;yes&quot;}\" data-widget_type=\"video.default\">\n\t\t\t\t<div class=\"elementor-widget-container\">\n\t\t\t\t\t\t\t<div class=\"elementor-wrapper elementor-open-inline\">\n\t\t\t<div class=\"elementor-video\"><\/div>\t\t<\/div>\n\t\t\t\t\t\t<\/div>\n\t\t\t\t<\/div>\n\t\t\t\t<div class=\"elementor-element elementor-element-8e27056 elementor-widget elementor-widget-text-editor\" data-id=\"8e27056\" data-element_type=\"widget\" data-e-type=\"widget\" data-widget_type=\"text-editor.default\">\n\t\t\t\t<div class=\"elementor-widget-container\">\n\t\t\t\t\t\t\t\t\t<p data-start=\"0\" data-end=\"40\"><span style=\"font-weight: bolder;\" data-start=\"0\" data-end=\"40\">A Life destined for music<\/span><\/p><p class=\"p2\">When his father realized that he used to touch his instruments without permission, he asked Donny: Why are you touching the instruments without my permission?<\/p><p class=\"p2\">Donny answered; Actually, he was practicing only the Bongo, because he really liked the instrument.<\/p><p class=\"p2\">His father decided to try him out in his band, and that is how he started to play in his father&#8217;s band when he was 12 years old. During Tamb\u00f9 season, which is the end of the year, Shon Donny\u2019s family used to get in a truck and drive around to different Tamb\u00f9 parties. One day in a Tamb\u00f9 party next to where he lives, he heard the virtuoso Gustaf Doran (Ta di Djudju)play the Tamb\u00f9 rhythm on the Bari (drum).<\/p><p class=\"p2\">He was so impressed. The impact of how impressive Ta di Djudju played the Bari, made him practice the Bari to become as good as Ta di Djudju.<\/p>\t\t\t\t\t\t\t\t<\/div>\n\t\t\t\t<\/div>\n\t\t\t\t\t<\/div>\n\t\t<\/div>\n\t\t\t\t<div class=\"elementor-column elementor-col-50 elementor-top-column elementor-element elementor-element-72f522d\" data-id=\"72f522d\" data-element_type=\"column\" data-e-type=\"column\">\n\t\t\t<div class=\"elementor-widget-wrap elementor-element-populated\">\n\t\t\t\t\t\t<div class=\"elementor-element elementor-element-e3f56b8 elementor-widget elementor-widget-text-editor\" data-id=\"e3f56b8\" data-element_type=\"widget\" data-e-type=\"widget\" data-widget_type=\"text-editor.default\">\n\t\t\t\t<div class=\"elementor-widget-container\">\n\t\t\t\t\t\t\t\t\t<p class=\"p2\">When Shon Donny turned 17 years old, at a Tamb\u00f9 party where Shon Cola was singing, he took the courage to ask to play the Bari. While he was playing, Ta di Djudju asked; who is playing the Bari?<\/p><p class=\"p2\">As soon as Shon Donny finished playing the Bari, Ta di Djudju went to him and asked him; where did you learn to play the Bari like that? Shon Donny replied; I was so impressed by the way you play sir, that is why I was practicing all your patterns.<\/p><p class=\"p2\">After that performance, Shon Cola invited him to join the band. He became the third Tambulero of the band. Tambulero is the name you get when you are a specialist on the instruments of Tamb\u00f9 and the Chapi (The Hoe). Shon Cola used to have two Tambulero. When one play the Bari, the other one plays the Chapi. Donny Mercelina became the third Tambulero.<\/p><p class=\"p2\">When Shon Donny turned 19 years old, he also became a singer of the Shon Cola Tambu group.<\/p><p class=\"p2\">When Shon Donny turned 20 years old, he started his own quartet band named Flor De Quinta, to play popular music.<\/p><p class=\"p2\">In his own band he played the instruments Bandone\u00f3n, Harmonica, Dominican Tambora, Guira, Marimba, Maracas, Copper Wiri and also sang.<\/p>\t\t\t\t\t\t\t\t<\/div>\n\t\t\t\t<\/div>\n\t\t\t\t\t<\/div>\n\t\t<\/div>\n\t\t\t\t\t<\/div>\n\t\t<\/section>\n\t\t\t\t<\/div>\n\t\t","protected":false},"excerpt":{"rendered":"<p>Donny Mercelina Donny Mercelina (Shon Donny) \u00a0\u2013an important idol of Cura\u00e7aoan rhythm Tambu and the music of cura\u00e7ao. Shon Donny was born October 22, 1936, on a rainy\/Sunny afternoon day. Those days people used to be very superstitious, and the expression was; When it is Sunny and Rainy at the same time, is because Zoembie\/Zombie [&hellip;]<\/p>\n","protected":false},"author":1,"featured_media":0,"parent":0,"menu_order":0,"comment_status":"closed","ping_status":"closed","template":"elementor_header_footer","meta":{"footnotes":""},"class_list":["post-1102","page","type-page","status-publish","hentry"],"_links":{"self":[{"href":"https:\/\/musicofcuracao.com\/index.php\/wp-json\/wp\/v2\/pages\/1102","targetHints":{"allow":["GET"]}}],"collection":[{"href":"https:\/\/musicofcuracao.com\/index.php\/wp-json\/wp\/v2\/pages"}],"about":[{"href":"https:\/\/musicofcuracao.com\/index.php\/wp-json\/wp\/v2\/types\/page"}],"author":[{"embeddable":true,"href":"https:\/\/musicofcuracao.com\/index.php\/wp-json\/wp\/v2\/users\/1"}],"replies":[{"embeddable":true,"href":"https:\/\/musicofcuracao.com\/index.php\/wp-json\/wp\/v2\/comments?post=1102"}],"version-history":[{"count":10,"href":"https:\/\/musicofcuracao.com\/index.php\/wp-json\/wp\/v2\/pages\/1102\/revisions"}],"predecessor-version":[{"id":1114,"href":"https:\/\/musicofcuracao.com\/index.php\/wp-json\/wp\/v2\/pages\/1102\/revisions\/1114"}],"wp:attachment":[{"href":"https:\/\/musicofcuracao.com\/index.php\/wp-json\/wp\/v2\/media?parent=1102"}],"curies":[{"name":"wp","href":"https:\/\/api.w.org\/{rel}","templated":true}]}}