{"id":1089,"date":"2026-03-21T11:56:50","date_gmt":"2026-03-21T15:56:50","guid":{"rendered":"https:\/\/musicofcuracao.com\/?page_id=1089"},"modified":"2026-03-21T12:09:27","modified_gmt":"2026-03-21T16:09:27","slug":"pernel-saturnino","status":"publish","type":"page","link":"https:\/\/musicofcuracao.com\/index.php\/pernel-saturnino\/","title":{"rendered":"Pernel Saturnino"},"content":{"rendered":"\t\t<div data-elementor-type=\"wp-page\" data-elementor-id=\"1089\" class=\"elementor elementor-1089\" data-elementor-post-type=\"page\">\n\t\t\t\t\t\t<section data-particle_enable=\"false\" data-particle-mobile-disabled=\"false\" class=\"elementor-section elementor-top-section elementor-element elementor-element-4008a1e elementor-section-boxed elementor-section-height-default elementor-section-height-default\" data-id=\"4008a1e\" data-element_type=\"section\" data-e-type=\"section\">\n\t\t\t\t\t\t<div class=\"elementor-container elementor-column-gap-default\">\n\t\t\t\t\t<div class=\"elementor-column elementor-col-100 elementor-top-column elementor-element elementor-element-e7a613c\" data-id=\"e7a613c\" data-element_type=\"column\" data-e-type=\"column\">\n\t\t\t<div class=\"elementor-widget-wrap\">\n\t\t\t\t\t\t\t<\/div>\n\t\t<\/div>\n\t\t\t\t\t<\/div>\n\t\t<\/section>\n\t\t\t\t<section data-particle_enable=\"false\" data-particle-mobile-disabled=\"false\" class=\"elementor-section elementor-top-section elementor-element elementor-element-b828b42 elementor-section-boxed elementor-section-height-default elementor-section-height-default\" data-id=\"b828b42\" data-element_type=\"section\" data-e-type=\"section\" data-settings=\"{&quot;background_background&quot;:&quot;classic&quot;}\">\n\t\t\t\t\t\t<div class=\"elementor-container elementor-column-gap-default\">\n\t\t\t\t\t<div class=\"elementor-column elementor-col-100 elementor-top-column elementor-element elementor-element-57e2dfb\" data-id=\"57e2dfb\" data-element_type=\"column\" data-e-type=\"column\">\n\t\t\t<div class=\"elementor-widget-wrap elementor-element-populated\">\n\t\t\t\t\t\t<div class=\"elementor-element elementor-element-929a10f elementor-widget elementor-widget-heading\" data-id=\"929a10f\" data-element_type=\"widget\" data-e-type=\"widget\" data-widget_type=\"heading.default\">\n\t\t\t\t<div class=\"elementor-widget-container\">\n\t\t\t\t\t<h2 class=\"elementor-heading-title elementor-size-default\">Pernell Saturnino<\/h2>\t\t\t\t<\/div>\n\t\t\t\t<\/div>\n\t\t\t\t\t<\/div>\n\t\t<\/div>\n\t\t\t\t\t<\/div>\n\t\t<\/section>\n\t\t\t\t<section data-particle_enable=\"false\" data-particle-mobile-disabled=\"false\" class=\"elementor-section elementor-top-section elementor-element elementor-element-423c0f0 elementor-section-boxed elementor-section-height-default elementor-section-height-default\" data-id=\"423c0f0\" data-element_type=\"section\" data-e-type=\"section\">\n\t\t\t\t\t\t<div class=\"elementor-container elementor-column-gap-default\">\n\t\t\t\t\t<div class=\"elementor-column elementor-col-100 elementor-top-column elementor-element elementor-element-811859d\" data-id=\"811859d\" data-element_type=\"column\" data-e-type=\"column\">\n\t\t\t<div class=\"elementor-widget-wrap elementor-element-populated\">\n\t\t\t\t\t\t<section data-particle_enable=\"false\" data-particle-mobile-disabled=\"false\" class=\"elementor-section elementor-inner-section elementor-element elementor-element-c1565d9 elementor-section-boxed elementor-section-height-default elementor-section-height-default\" data-id=\"c1565d9\" data-element_type=\"section\" data-e-type=\"section\">\n\t\t\t\t\t\t<div class=\"elementor-container elementor-column-gap-default\">\n\t\t\t\t\t<div class=\"elementor-column elementor-col-50 elementor-inner-column elementor-element elementor-element-4df086a\" data-id=\"4df086a\" data-element_type=\"column\" data-e-type=\"column\">\n\t\t\t<div class=\"elementor-widget-wrap elementor-element-populated\">\n\t\t\t\t\t\t<div class=\"elementor-element elementor-element-88dad3b elementor-widget elementor-widget-spacer\" data-id=\"88dad3b\" data-element_type=\"widget\" data-e-type=\"widget\" data-widget_type=\"spacer.default\">\n\t\t\t\t<div class=\"elementor-widget-container\">\n\t\t\t\t\t\t\t<div class=\"elementor-spacer\">\n\t\t\t<div class=\"elementor-spacer-inner\"><\/div>\n\t\t<\/div>\n\t\t\t\t\t\t<\/div>\n\t\t\t\t<\/div>\n\t\t\t\t<div class=\"elementor-element elementor-element-2d606d4 elementor-widget elementor-widget-text-editor\" data-id=\"2d606d4\" data-element_type=\"widget\" data-e-type=\"widget\" data-widget_type=\"text-editor.default\">\n\t\t\t\t<div class=\"elementor-widget-container\">\n\t\t\t\t\t\t\t\t\t<h4 data-start=\"128\" data-end=\"200\"><strong data-start=\"132\" data-end=\"198\">Pernelle Saturnino \u2013<\/strong>Embahad\u00f3 R\u00edtmiko di K\u00f2rsou i Wardad\u00f3 di Herensia Musical<\/h4><p data-start=\"0\" data-end=\"449\">Few musicians from the Caribbean have influenced the global musical landscape with as much power as Pernell Saturnino, the percussionist from Cura\u00e7ao whose artistry has reached Grammy-winning recordings, international stages, and some of the most influential jazz and Latin jazz albums of the past thirty years. His career is a testament to discipline, cultural pride, and an unwavering commitment to preserving the musical identity of his island.<\/p><p data-start=\"451\" data-end=\"634\" data-is-last-node=\"\" data-is-only-node=\"\">Today, Pernell is not only a world-class performer, but also a cultural guardian leading a major initiative to digitize and protect Cura\u00e7ao\u2019s musical heritage for generations to come.<\/p><p class=\"p2\" style=\"margin-right: 0px; margin-bottom: 0px; margin-left: 0px; font-variant-numeric: normal; font-variant-east-asian: normal; font-variant-alternates: normal; font-size-adjust: none; font-language-override: normal; font-kerning: auto; font-optical-sizing: auto; font-feature-settings: normal; font-variation-settings: normal; font-variant-position: normal; font-variant-emoji: normal; font-stretch: normal; font-size: 20.5px; line-height: normal; font-family: Arial; color: #25211f;\">\u00a0<\/p>\t\t\t\t\t\t\t\t<\/div>\n\t\t\t\t<\/div>\n\t\t\t\t\t<\/div>\n\t\t<\/div>\n\t\t\t\t<div class=\"elementor-column elementor-col-50 elementor-inner-column elementor-element elementor-element-b5b8947\" data-id=\"b5b8947\" data-element_type=\"column\" data-e-type=\"column\">\n\t\t\t<div class=\"elementor-widget-wrap\">\n\t\t\t\t\t\t\t<\/div>\n\t\t<\/div>\n\t\t\t\t\t<\/div>\n\t\t<\/section>\n\t\t\t\t<div class=\"elementor-element elementor-element-ab0f975 elementor-widget-divider--view-line elementor-widget elementor-widget-divider\" data-id=\"ab0f975\" data-element_type=\"widget\" data-e-type=\"widget\" data-widget_type=\"divider.default\">\n\t\t\t\t<div class=\"elementor-widget-container\">\n\t\t\t\t\t\t\t<div class=\"elementor-divider\">\n\t\t\t<span class=\"elementor-divider-separator\">\n\t\t\t\t\t\t<\/span>\n\t\t<\/div>\n\t\t\t\t\t\t<\/div>\n\t\t\t\t<\/div>\n\t\t\t\t\t<\/div>\n\t\t<\/div>\n\t\t\t\t\t<\/div>\n\t\t<\/section>\n\t\t\t\t<section data-particle_enable=\"false\" data-particle-mobile-disabled=\"false\" class=\"elementor-section elementor-top-section elementor-element elementor-element-3a68878 elementor-section-boxed elementor-section-height-default elementor-section-height-default\" data-id=\"3a68878\" data-element_type=\"section\" data-e-type=\"section\">\n\t\t\t\t\t\t<div class=\"elementor-container elementor-column-gap-default\">\n\t\t\t\t\t<div class=\"elementor-column elementor-col-50 elementor-top-column elementor-element elementor-element-e06d61e\" data-id=\"e06d61e\" data-element_type=\"column\" data-e-type=\"column\">\n\t\t\t<div class=\"elementor-widget-wrap elementor-element-populated\">\n\t\t\t\t\t\t<div class=\"elementor-element elementor-element-3030172 elementor-widget elementor-widget-video\" data-id=\"3030172\" data-element_type=\"widget\" data-e-type=\"widget\" data-settings=\"{&quot;youtube_url&quot;:&quot;https:\\\/\\\/youtu.be\\\/LnragLcU6f0&quot;,&quot;video_type&quot;:&quot;youtube&quot;,&quot;controls&quot;:&quot;yes&quot;}\" data-widget_type=\"video.default\">\n\t\t\t\t<div class=\"elementor-widget-container\">\n\t\t\t\t\t\t\t<div class=\"elementor-wrapper elementor-open-inline\">\n\t\t\t<div class=\"elementor-video\"><\/div>\t\t<\/div>\n\t\t\t\t\t\t<\/div>\n\t\t\t\t<\/div>\n\t\t\t\t<div class=\"elementor-element elementor-element-8e27056 elementor-widget elementor-widget-text-editor\" data-id=\"8e27056\" data-element_type=\"widget\" data-e-type=\"widget\" data-widget_type=\"text-editor.default\">\n\t\t\t\t<div class=\"elementor-widget-container\">\n\t\t\t\t\t\t\t\t\t<p data-start=\"0\" data-end=\"40\"><span style=\"font-weight: bolder;\" data-start=\"0\" data-end=\"40\">A Life Rooted in Rhythm and Identity<\/span><\/p><p data-start=\"42\" data-end=\"337\">Born and raised in Willemstad, Pernell grew up surrounded by the sounds that form the heart of Cura\u00e7ao \u2014 tamb\u00fa, tumba, music of the zumbi traditions, se\u00fa, waltz, and the spiritual pulse of traditional percussion. These sounds shaped his identity long before he stepped onto international stages.<\/p>\t\t\t\t\t\t\t\t<\/div>\n\t\t\t\t<\/div>\n\t\t\t\t\t<\/div>\n\t\t<\/div>\n\t\t\t\t<div class=\"elementor-column elementor-col-50 elementor-top-column elementor-element elementor-element-72f522d\" data-id=\"72f522d\" data-element_type=\"column\" data-e-type=\"column\">\n\t\t\t<div class=\"elementor-widget-wrap elementor-element-populated\">\n\t\t\t\t\t\t<div class=\"elementor-element elementor-element-e3f56b8 elementor-widget elementor-widget-text-editor\" data-id=\"e3f56b8\" data-element_type=\"widget\" data-e-type=\"widget\" data-widget_type=\"text-editor.default\">\n\t\t\t\t<div class=\"elementor-widget-container\">\n\t\t\t\t\t\t\t\t\t<p data-start=\"0\" data-end=\"40\"><span style=\"font-size: 1rem;\">His early interest in rhythm evolved into a disciplined pursuit of mastery. Over time, he developed a distinct style: precise, soulful, deeply rooted in culture, and instantly recognizable. The way he plays the tamb\u00fa carries the musical DNA of Cura\u00e7ao, even when he performs in the world\u2019s most prestigious concert halls.<\/span><\/p><p data-start=\"662\" data-end=\"881\" data-is-last-node=\"\" data-is-only-node=\"\">Pernell\u2019s career has taken him across continents, where he has worked with renowned artists, orchestras, and ensembles. Yet no matter how far his journey takes him, his artistic compass always points back to his island.<\/p>\t\t\t\t\t\t\t\t<\/div>\n\t\t\t\t<\/div>\n\t\t\t\t<div class=\"elementor-element elementor-element-8958212 elementor-widget elementor-widget-text-editor\" data-id=\"8958212\" data-element_type=\"widget\" data-e-type=\"widget\" data-widget_type=\"text-editor.default\">\n\t\t\t\t<div class=\"elementor-widget-container\">\n\t\t\t\t\t\t\t\t\t<p data-start=\"0\" data-end=\"53\"><strong data-start=\"0\" data-end=\"53\">A Discography That Bridges Generations and Genres<\/strong><\/p><p data-start=\"55\" data-end=\"364\">The recording history of Pernell Saturnino reads like a map of excellence in modern jazz and Latin jazz. His percussion can be heard on Grammy-winning albums, Grammy-nominated projects, Latin Grammy-winning records, and many other award-winning productions across the United States, Europe, and the Caribbean.<\/p><p data-start=\"0\" data-end=\"40\">\u00a0<\/p><p data-start=\"366\" data-end=\"416\" data-is-last-node=\"\" data-is-only-node=\"\">Below is an overview of his extensive discography to download<\/p>\t\t\t\t\t\t\t\t<\/div>\n\t\t\t\t<\/div>\n\t\t\t\t<div class=\"elementor-element elementor-element-b4b2fa3 elementor-widget elementor-widget-text-editor\" data-id=\"b4b2fa3\" data-element_type=\"widget\" data-e-type=\"widget\" data-widget_type=\"text-editor.default\">\n\t\t\t\t<div class=\"elementor-widget-container\">\n\t\t\t\t\t\t\t\t\t<p><a href=\"https:\/\/musicofcuracao.com\/wp-content\/uploads\/2026\/03\/Pernell-Saturnino-discography.pdf\">Click here to download Pernell Saturnino&#8217;s resume<\/a><\/p>\t\t\t\t\t\t\t\t<\/div>\n\t\t\t\t<\/div>\n\t\t\t\t\t<\/div>\n\t\t<\/div>\n\t\t\t\t\t<\/div>\n\t\t<\/section>\n\t\t\t\t<\/div>\n\t\t","protected":false},"excerpt":{"rendered":"<p>Pernell Saturnino Pernelle Saturnino \u2013Embahad\u00f3 R\u00edtmiko di K\u00f2rsou i Wardad\u00f3 di Herensia Musical Few musicians from the Caribbean have influenced the global musical landscape with as much power as Pernell Saturnino, the percussionist from Cura\u00e7ao whose artistry has reached Grammy-winning recordings, international stages, and some of the most influential jazz and Latin jazz albums of [&hellip;]<\/p>\n","protected":false},"author":1,"featured_media":0,"parent":0,"menu_order":0,"comment_status":"closed","ping_status":"closed","template":"elementor_header_footer","meta":{"footnotes":""},"class_list":["post-1089","page","type-page","status-publish","hentry"],"_links":{"self":[{"href":"https:\/\/musicofcuracao.com\/index.php\/wp-json\/wp\/v2\/pages\/1089","targetHints":{"allow":["GET"]}}],"collection":[{"href":"https:\/\/musicofcuracao.com\/index.php\/wp-json\/wp\/v2\/pages"}],"about":[{"href":"https:\/\/musicofcuracao.com\/index.php\/wp-json\/wp\/v2\/types\/page"}],"author":[{"embeddable":true,"href":"https:\/\/musicofcuracao.com\/index.php\/wp-json\/wp\/v2\/users\/1"}],"replies":[{"embeddable":true,"href":"https:\/\/musicofcuracao.com\/index.php\/wp-json\/wp\/v2\/comments?post=1089"}],"version-history":[{"count":7,"href":"https:\/\/musicofcuracao.com\/index.php\/wp-json\/wp\/v2\/pages\/1089\/revisions"}],"predecessor-version":[{"id":1098,"href":"https:\/\/musicofcuracao.com\/index.php\/wp-json\/wp\/v2\/pages\/1089\/revisions\/1098"}],"wp:attachment":[{"href":"https:\/\/musicofcuracao.com\/index.php\/wp-json\/wp\/v2\/media?parent=1089"}],"curies":[{"name":"wp","href":"https:\/\/api.w.org\/{rel}","templated":true}]}}